ivided by 135?
131
Calculate the remainder when 32693 is divided by 32683.
10
What is the remainder when 1041 is divided by 11?
7
What is the remainder when 12640 is divided by 316?
0
Calculate the remainder when 556140 is divided by 81.
75
What is the remainder when 4464 is divided by 264?
240
What is the remainder when 22712 is divided by 33?
8
What is the remainder when 38610 is divided by 183?
180
What is the remainder when 314500 is divided by 159?
157
What is the remainder when 4653 is divided by 172?
9
Calculate the remainder when 455437 is divided by 909.
28
Calculate the remainder when 9848 is divided by 201.
200
Calculate the remainder when 39998 is divided by 2.
0
Calculate the remainder when 415176 is divided by 112.
104
What is the remainder when 56351 is divided by 587?
586
Calculate the remainder when 94721 is divided by 1457.
16
What is the remainder when 3423 is divided by 22?
13
Calculate the remainder when 12732 is divided by 1695.
867
What is the remainder when 31389 is divided by 2905?
2339
What is the remainder when 11377 is divided by 3693?
298
What is the remainder when 113793 is divided by 87?
84
Calculate the remainder when 1239234 is divided by 24.
18
What is the remainder when 21002 is divided by 148?
134
What is the remainder when 23968 is divided by 2172?
76
What is the remainder when 38600 is divided by 742?
16
What is the remainder when 13552 is divided by 70?
42
What is the remainder when 11218 is divided by 22?
20
What is the remainder when 32827 is divided by 52?
15
Calculate the remainder when 58710 is divided by 41.
39
Calculate the remainder when 2070 is divided by 175.
145
Calculate the remainder when 24729 is divided by 12337.
55
Calculate the remainder when 1928 is divided by 724.
480
Calculate the remainder when 36780 is divided by 126.
114
What is the remainder when 27557 is divided by 2504?
13
Calculate the remainder when 2491 is divided by 1081.
329
Calculate the remainder when 13299 is divided by 2140.
459
What is the remainder when 10710 is divided by 1323?
126
What is the remainder when 9460 is divided by 211?
176
Calculate the remainder when 38768 is divided by 1546.
118
Calculate the remainder when 37722 is divided by 967.
9
What is the remainder when 27303 is divided by 6825?
3
What is the remainder when 19732 is divided by 918?
454
What is the remainder when 747 is divided by 27?
18
What is the remainder when 153069 is divided by 15305?
19
What is the remainder when 1356 is divided by 221?
30
Calculate the remainder when 1475 is divided by 316.
211
What is the remainder when 13425 is divided by 6703?
19
Calculate the remainder when 59125 is divided by 9.
4
Calculate the remainder when 2445 is divided by 200.
45
What is the remainder when 9784 is divided by 17?
9
What is the remainder when 262937 is divided by 28?
17
Calculate the remainder when 55911 is divided by 1934.
1759
Calculate the remainder when 533558 is divided by 74.
18
Calculate the remainder when 373721 is divided by 6.
5
Calculate the remainder when 18600 is divided by 89.
88
Calculate the remainder when 1920 is divided by 636.
12
What is the remainder when 77677 is divided by 12946?
1
Calculate the remainder when 226507 is divided by 936.
931
What is the remainder when 1251 is divided by 224?
131
Calculate the remainder when 85516 is divided by 21377.
8
Calculate the remainder when 795662 is divided by 446.
444
Calculate the remainder when 1202 is divided by 111.
92
Calculate the remainder when 24918 is divided by 71.
68
What is the remainder when 7827 is divided by 2600?
27
What is the remainder when 7162 is divided by 376?
18
Calculate the remainder when 352 is divided by 125.
102
What is the remainder when 57514 is divided by 2735?
79
Calculate the remainder when 3358 is divided by 3291.
67
Calculate the remainder when 11000 is divided by 1007.
930
What is the remainder when 9969 is divided by 474?
15
What is the remainder when 2566 is divided by 427?
4
Calculate the remainder when 114660 is divided by 180.
0
What is the remainder when 5930 is divided by 1967?
29
Calculate the remainder when 9065 is divided by 81.
74
What is the remainder when 137857 is divided by 86?
85
What is the remainder when 5085 is divided by 226?
113
What is the remainder when 84845 is divided by 84842?
3
What is the remainder when 13618 is divided by 1054?
970
Calculate the remainder when 9067 is divided by 46.
5
What is the remainder when 709 is divided by 368?
341
What is the remainder when 5787400 is divided by 14?
10
What is the remainder when 1394 is divided by 671?
52
Calculate the remainder when 11789 is divided by 492.
473
Calculate the remainder when 159126 is divided by 14.
2
Calculate the remainder when 61819 is divided by 138.
133
Calculate the remainder when 138584 is divided by 34642.
16
Calculate the remainder when 3742 is divided by 1136.
334
What is the remainder when 266394 is divided by 851?
31
Calculate the remainder when 1180 is divided by 333.
181
Calculate the remainder when 391620 is divided by 325.
320
What is the remainder when 3024 is divided by 256?
208
Calculate the remainder when 8078 is divided by 5.
3
What is the remainder when 799 is divided by 37?
22
What is the remainder when 16736 is divided by 91?
83
Calculate the remainder when 1586 is divided by 837.
749
Calculate the remainder when 136408 is divided by 172.
12
Calculate the remainder when 587 is divided by 109.
42
What is the remainder when 10375 is divided by 20?
15
What is the remainder when 1124594 is divided by 10?
4
What is the remainder when 16679 is divided by 69?
50
What is the remainder when 2607 is divided by 67?
61
What is the remainder when 11473 is divided by 1153?
1096
Calculate the remainder when 6299 is divided by 16.
11
Calculate the remainder when 2006380 is divided by 201.
199
Calculate the remainder when 21925 is divided by 3625.
175
What is the remainder when 3669 is divided by 377?
276
What is the remainder when 14974 is divided by 3738?
22
What is the remainder when 3177 is divided by 106?
103
Calculate the remainder when 65698 is divided by 146.
144
What is the remainder when 9188 is divided by 386?
310
Calculate the remainder when 4311 is divided by 109.
60
Calculate the remainder when 5715 is divided by 127.
0
Calculate the remainder when 2482 is divided by 435.
307
What is the remainder when 100479 is divided by 2791?
3
Calculate the remainder when 2612 is divided by 796.
224
What is the remainder when 11360 is divided by 5541?
278
Calculate the remainder when 15201 is divided by 5059.
24
Calculate the remainder when 27171 is divided by 55.
1
What is the remainder when 337969 is divided by 423?
415
Calculate the remainder when 46684 is divided by 161.
155
What is the remainder when 37916 is divided by 30?
26
Calculate the remainder when 245651 is divided by 42.
35
What is the remainder when 18386 is divided by 418?
412
What is the remainder when 22773 is divided by 73?
70
What is the remainder when 990643 is divided by 167?
166
Calculate the remainder when 13903 is divided by 731.
14
What is the remainder when 2217 is divided by 76?
13
Calculate the remainder when 30810 is divided by 550.
10
Calculate the remainder when 101122 is divided by 153.
142
What is the remainder when 170977 is divided by 830?
827
Calculate the remainder when 27130 is divided by 76.
74
Calculate the remainder when 26390 is divided by 8775.
65
What is the remainder when 18975 is divided by 528?
495
Calculate the remainder when 1153950 is divided by 23079.
0
What is the remainder when 761 is divided by 12?
5
Calculate the remainder when 10261 is divided by 233.
9
What is the remainder when 1943 is divided by 309?
89
What is the remainder when 23057 is divided by 1369?
1153
Calculate the remainder when 3861 is divided by 62.
17
What is the remainder when 2093662 is divided by 113?
111
Calculate the remainder when 8524 is divided by 2812.
88
Calculate the remainder when 7002 is divided by 113.
109
Calculate the remainder when 62603 is divided by 148.
147
What is the remainder when 30387 is divided by 6066?
57
Calculate the remainder when 19682 is divided by 148.
146
What is the remainder when 3081 is divided by 56?
1
Calculate the remainder when 6431 is divi